Let x be (3 + 66)*155/(-15)*-2. Calculate the highest common factor of x and 46.
46
Suppose 67 = t + 4*x, -456*t + 455*t - 3*x + 64 = 0. Calculate the highest common factor of 660 and t.
55
Let i be 91/182 - (-54)/4. Calculate the highest common divisor of 343 and i.
7
Let x be 10*3/(-12)*(-36)/9. Suppose -2*i - 113 = -411. Suppose 2*r + i = 3*v - 143, 4*v + 4*r - 416 = 0. Calculate the highest common divisor of v and x.
10
Let o be 1/((-2)/20*-2). Let p = -4 + o. Suppose 5*l - 21 = -p. Calculate the highest common factor of 4 and l.
4
Suppose 46 = 2*i - 4*r, 0 = 6*i - i + 2*r - 91. Calculate the highest common factor of i and 608.
19
Let v be (5/(-2) - -3)/((-1)/(-2)). Let q be (1 - -1 - -14)/(v/4). Calculate the greatest common factor of q and 32.
32
Suppose -9*c - 1391 = -1967. Calculate the greatest common divisor of c and 1728.
64
Let w be (-16)/(16/4)*-6. Let x = 27 + -16. Let l = w - x. Calculate the highest common divisor of l and 143.
13
Let g = -44 - -46. Suppose -5 = -g*q - 5*t, 4*t + 3 + 9 = 0. Calculate the greatest common factor of q and 50.
10
Let n(y) = 89*y**3 - y**2 + 4*y + 4. Let u(k) = k**3 - k - 1. Let f(h) = -n(h) - 5*u(h). Let j be f(-1). What is the greatest common factor of j and 38?
19
Suppose 4*t + 20 = 3*k, 0 = -4*k - k + t + 56. Calculate the highest common divisor of k and 46.
2
Suppose -2*h - n = -18, 2*h - h - 4*n = 0. Calculate the highest common divisor of 64 and h.
8
Let b(k) = -69*k + 471. Let c be b(5). Calculate the greatest common divisor of 119 and c.
7
Suppose -2*j - 7*g = -4*g - 420, -5*g = 5*j - 1040. What is the greatest common divisor of 17 and j?
17
Let d be (24/32)/((-3)/(-12) + 0). Calculate the greatest common divisor of 6 and d.
3
Suppose -2*b = -7*b + 320. Suppose -b = -2*w - 2*w. What is the greatest common divisor of w and 128?
16
Let x be (-728)/42*(-39)/2. What is the greatest common divisor of 26 and x?
26
Suppose -41*y = -40*y - 750. Calculate the highest common factor of y and 30.
30
Suppose -4*h - 3*z + 183 = 0, 48 = 4*h - 5*z - 159. Calculate the greatest common divisor of h and 120.
24
Suppose 0 = -29*x + 24*x + 330. Calculate the greatest common divisor of x and 330.
66
Let x be 4/(-14) - 568/(-28). Suppose 54 = 6*f - 4*f. Let r be 2691/f - (-2)/6. Calculate the highest common factor of r and x.
20
Suppose -3*r + 64 = r. Suppose -19 = -9*l - 73. Let v be (-4)/l + 2 + 4/(-6). Calculate the greatest common factor of v and r.
2
Suppose 8 + 152 = 8*y. Calculate the highest common factor of y and 44.
4
Suppose l - 470 = -2*i, 5*l + 2*i - 419 = 1971. Suppose 0 = x + 1 + 2, 5*g = -5*x + l. Calculate the greatest common divisor of 9 and g.
9
Suppose 5*z = 6*z. Suppose z = -j - 4*k - k + 6, j - 14 = -k. Calculate the greatest common factor of j and 176.
16
Let g(l) = 3*l. Let j be g(1). Let d be ((-2)/(-4))/(j/36). Let x(u) = 19*u + 333. Let a be x(-15). Calculate the highest common divisor of a and d.
6
Let v(t) = -t**2 + 8*t + 9. Let b be v(8). Let s(k) = -k**3 - 35*k**2 - 4*k - 113. Let o be s(-35). Calculate the greatest common factor of b and o.
9
Suppose 0 = 5*d - 4*x - 35, -2*d + 0*x = 2*x - 14. Let j be (14/3)/(4/6). Calculate the greatest common divisor of d and j.
7
Let f = 760 - 242. What is the highest common factor of f and 14?
14
Suppose 2*y = -2*y + 5*l + 504, 0 = 3*l. Suppose 3*h - h = 2*t - 44, -t + 5*h + 38 = 0. Calculate the highest common divisor of t and y.
18
Let m(t) = 21*t**2 + 4*t - 4. Let f be m(-2). Suppose -2*s + 16 + 8 = 2*d, 8 = 2*d. What is the highest common divisor of f and s?
8
Let x(o) = o**2 - 4*o - 3*o**3 + 4*o**3 + o**2. Let z be x(4). Let f be (-165)/(-20) - (-2)/(-16)*2. What is the highest common factor of f and z?
8
Let q(t) = 3*t**2 - 3*t - 6. Let u be q(6). Let c = -42 + u. Calculate the greatest common divisor of 28 and c.
14
Let k(w) = -w**2 + 2*w - 12. Let t be k(0). Let a be 21/28 + (-147)/t. What is the highest common divisor of 26 and a?
13
Suppose -5*a = c - 54, 3*a - 64 = -c - 4. What is the greatest common factor of 1817 and c?
23
Suppose -4*m - m = -25, 3*k - 32 = -4*m. Let x = k - -1. Suppose h - x*w = 4*h - 41, 5*h + 3*w = 47. What is the highest common factor of 7 and h?
7
Suppose -6*g + 672 + 1062 = 0. What is the greatest common divisor of g and 34?
17
Suppose -70 = -5*b + 5*c, 16 = 4*b + 2*c + 2*c. Let v be ((-3)/b - (-784)/3)/1. What is the greatest common factor of 29 and v?
29
Let d = 18 - 11. Suppose 0 = -4*i + 4, -195 = 24*n - 28*n + i. Calculate the greatest common divisor of d and n.
7
Suppose 21*q - 6 = 20*q. Calculate the highest common factor of 8 and q.
2
Suppose 0*u = -u + 1. Let s be u - 1 - (-1 + -31). Calculate the greatest common divisor of 80 and s.
16
Let b be 788/14 + 4/(-14). Let x(a) = 13*a + 450. Let d be x(-34). What is the greatest common factor of d and b?
8
Let q be (-12)/4 + 5 + 2. Suppose 3*o + q*v - 276 = 0, 3*o = 8*o - v - 460. Let i = o + -8. Calculate the highest common factor of 56 and i.
28
Suppose 2180 = 4*f - 4*n, -4*f - 6*n = -4*n - 2174. Calculate the highest common factor of f and 32.
32
Let o = 174 - 99. Suppose 0 = 31*a - 26*a - 150. Calculate the greatest common factor of a and o.
15
Suppose -14 = -4*m - 5*f + 3, 7 = 4*m - 5*f. Let p be (-6)/9*(m + -150). Suppose -3*a + 33 = -9. Calculate the highest common factor of p and a.
14
Suppose 0 = 5*d + 5*b - 505, 3*d + 4*b + 0*b - 304 = 0. Calculate the greatest common divisor of 160 and d.
20
Let t(w) = -2*w**2 - 33*w + 7. Let k be t(-15). Suppose -2*b + k = 4*d, 5*b + 2*d - 50 = 3*b. What is the highest common factor of b and 60?
12
Let c(f) = f + 9. Suppose 0 = 2*x + 15 - 33. Let q be c(x). Calculate the highest common divisor of q and 162.
18
Let l = 508 - 301. What is the highest common divisor of 69 and l?
69
Let p be (((-33)/4)/11)/(2/(-96)). Let q be (p/(-15))/((-6)/15). Let b = 23 - 8. What is the highest common divisor of q and b?
3
Suppose -432 = -7*a + 5*a. Calculate the greatest common factor of a and 486.
54
Suppose -k = 3*k + 12. Let v be -1 + 0/2 + k. Let d be (-3)/(3 + v) + 0. What is the greatest common divisor of 15 and d?
3
Suppose 4*a + 2 = 34. Let k = -9 - -14. Suppose 2*l - k*t = 191, 4*t + 75 = 5*l - 377. What is the highest common divisor of a and l?
8
Let n be (-2)/9 - 80/(-36). Suppose 121 = n*o - 19. Suppose -12 - 18 = -3*b. Calculate the highest common divisor of o and b.
10
Let d = -493 - -512. Calculate the greatest common factor of d and 608.
19
Let f = -27 + 22. Let n(s) = -8*s + 3. Let c be n(f). What is the highest common factor of c and 43?
43
Let j be (69/6)/((-1)/(-6)). Let a = -827 - -850. What is the greatest common factor of a and j?
23
Let x(f) = 8*f**2 - 176*f + 11. Let j be x(22). Calculate the highest common divisor of 2761 and j.
11
Let m(u) = -u**3 - u**2 - 2*u - 1. Let q be m(-2). Suppose -6*p = 3*p - 522. Suppose 2*g - p = -2. Calculate the highest common factor of q and g.
7
Suppose 0 = -21*h + 143 + 67. What is the greatest common divisor of h and 15?
5
Let v = 16 + -96. Let o be (-4)/10*v/4. Suppose -2*p + 23 = 2*p + 3*h, -4*p - 4*h = -20. What is the greatest common factor of p and o?
8
Let p be 48/7*14/4. Calculate the highest common divisor of p and 192.
24
Let g(n) = -5*n**2 + 3*n - 5 + 13 - n**3 - 8. Let l be g(-6). What is the greatest common factor of l and 45?
9
Let o be 1 - 2 - (-302 + 4). Suppose -111 = -6*m + 51. What is the highest common divisor of m and o?
27
Let u = -13 - -23. Let p(o) = -o**3 + 2*o**2 + 2*o + 1. Let l be p(-3). What is the highest common divisor of u and l?
10
Suppose -75*o = -74*o - 77. Let g = o - -21. What is the greatest common factor of 14 and g?
14
Let b = -35 + 26. Let v(s) = -s**3 - 9*s**2 - s - 6. Let a be v(b). Let r be a/(-9) + (-26)/(-6). What is the greatest common factor of r and 32?
4
Let o be (-22)/121 - (-2184)/33. Calculate the highest common factor of 363 and o.
33
Let v be (-5)/((-6)/((-528)/(-20))). Calculate the greatest common divisor of v and 286.
22
Let g be (-3 - 326/(-12)) + (-2)/12. Calculate the highest common divisor of 120 and g.
24
Suppose -14 = a - 3. Let b(w) = -4*w + 6. Let u be b(a). Calculate the highest common divisor of u and 25.
25
Suppose 0 = 51*s - 33*s - 1386. Let j be 7*((-4)/(-2) - 1). What is the greatest common f